what is -15b + 5?
-156
In base 5, what is -103 + -1014?
-1122
In base 7, what is 4 + -1365?
-1361
In base 3, what is -122 + 10212?
10020
In base 16, what is -9b + 0?
-9b
In base 9, what is -1 + 76?
75
In base 8, what is -2 + 12?
10
In base 11, what is 11 + 11?
22
In base 15, what is dc + 1?
dd
In base 15, what is 237 - 5?
232
In base 12, what is -9b - -3?
-98
In base 11, what is -47 - 2?
-49
In base 9, what is -568 - -3?
-565
In base 16, what is 1b + -35?
-1a
In base 13, what is 54c - 2?
54a
In base 7, what is -1112 + 10?
-1102
In base 5, what is -13 - -11?
-2
In base 8, what is -4 - 3400?
-3404
In base 13, what is 2c + -20?
c
In base 10, what is -6 + -1192?
-1198
In base 13, what is -2 + -87?
-89
In base 5, what is -2041 - -10?
-2031
In base 7, what is -4 + 161?
154
In base 7, what is -5 + 5064?
5056
In base 5, what is -1331 + -13?
-1344
In base 9, what is -126 - 1?
-127
In base 9, what is 14 + -1?
13
In base 15, what is 18 - 4b?
-33
In base 4, what is -1 - -333?
332
In base 13, what is b6 + 9?
c2
In base 13, what is 3 + -61?
-5b
In base 3, what is 12 + 20201121?
20201210
In base 14, what is 96 - 3?
93
In base 6, what is 3 + -141?
-134
In base 14, what is -16 - 1?
-17
In base 12, what is 9763 - 3?
9760
In base 15, what is 25 - -57?
7c
In base 4, what is 1001313 - -11?
1001330
In base 5, what is 303 - -34?
342
In base 11, what is -8 + -111?
-119
In base 10, what is -2 - 295?
-297
In base 3, what is -12 - 10001001?
-10001020
In base 12, what is -16 + -119?
-133
In base 5, what is -12 + 114?
102
In base 13, what is -694 + 0?
-694
In base 3, what is -20 - 101?
-121
In base 10, what is -3650 + 2?
-3648
In base 6, what is -155342 - 0?
-155342
In base 11, what is -160 - -4?
-157
In base 11, what is 200a + 1?
2010
In base 7, what is 4 - -44?
51
In base 12, what is -2 - -1774?
1772
In base 9, what is -10 + 20?
10
In base 7, what is -1362 + 0?
-1362
In base 5, what is -242340 - 2?
-242342
In base 2, what is 100 - 11111010010?
-11111001110
In base 10, what is 1 - -45?
46
In base 14, what is 1563 - 1?
1562
In base 6, what is 4321 + -4?
4313
In base 6, what is 10 + 2?
12
In base 6, what is -4014 + 5?
-4005
In base 16, what is -9f + -76?
-115
In base 16, what is -5a - -b?
-4f
In base 5, what is -1440 + -3?
-1443
In base 10, what is -4 - -39?
35
In base 15, what is -4 - 317?
-31b
In base 8, what is -337 - 11?
-350
In base 4, what is -111 - -2?
-103
In base 10, what is 5 - 75?
-70
In base 13, what is -102 - b?
-110
In base 13, what is 2 + -4?
-2
In base 5, what is 4303 + 11?
4314
In base 11, what is 0 - 57?
-57
In base 5, what is -13021 - -4?
-13012
In base 4, what is -3 - -11202?
11133
In base 15, what is -b + 36?
2a
In base 12, what is -92 - -10?
-82
In base 10, what is 1174 - -5?
1179
In base 3, what is -111120 - 21?
-111211
In base 5, what is -4 - -104?
100
In base 4, what is -3 - 22102?
-22111
In base 6, what is -31332 - -4?
-31324
In base 6, what is 5553 + -2?
5551
In base 8, what is -20 - -265?
245
In base 8, what is 765 + 11?
776
In base 7, what is 3 - -3443?
3446
In base 5, what is 122 - 21?
101
In base 14, what is 934 + 5?
939
In base 15, what is 55 + 27?
7c
In base 4, what is 333 + 1?
1000
In base 2, what is 110100 + 1?
110101
In base 11, what is -30a5 - 2?
-30a7
In base 5, what is 34 - -102?
141
In base 7, what is 2 + 104?
106
In base 7, what is 423 + -1?
422
In base 8, what is 3 - -1757?
1762
In base 10, what is -29 - 5?
-34
In base 15, what is 3 + 36?
39
In base 12, what is 1 - 49a?
-499
In base 9, what is 3274 + -5?
3268
In base 12, what is -1777 - 2?
-1779
In base 7, what is 1444 - 33?
1411
In base 15, what is b - 8?
3
In base 7, what is -43 - -24?
-16
In base 2, what is 10011101 - 10000?
10001101
In base 14, what is 99 + 5?
a0
In base 2, what is 1 - 11010?
-11001
In base 14, what is 585 - -4?
589
In base 15, what is 5 - -14?
19
In base 10, what is 1 - 44?
-43
In base 16, what is 3 - -1f?
22
In base 13, what is -3 - -1c94?
1c91
In base 6, what is 100 + -14?
42
In base 4, what is 3 - -222031?
222100
In base 7, what is 2 - -1141?
1143
In base 6, what is 2540 - -1?
2541
In base 6, what is -2212 + -1?
-2213
In base 6, what is 4 + -40?
-32
In base 16, what is -22 - -2?
-20
In base 15, what is -265a + 0?
-265a
In base 10, what is -191 - -1?
-190
In base 11, what is 32 - 2?
30
In base 10, what is -4 + -366?
-370
In base 4, what is -23 + -11?
-100
In base 16, what is 67 + -8?
5f
In base 12, what is -4 + 25?
21
In base 12, what is -3 - -2?
-1
In base 10, what is 34 + -5?
29
In base 14, what is 544 - -4?
548
In base 12, what is 7 - 18?
-11
In base 8, what is 26 + -13?
13
In base 2, what is -11 + -100101001?
-100101100
In base 4, what is -10 + 102101?
102031
In base 3, what is 112 + -1022?
-210
In base 12, what is -68 - 1?
-69
In base 9, what is -165 - -1?
-164
In base 11, what is 0 + -2418?
-2418
In base 9, what is -25 - 27?
-53
In base 16, what is -1 + -78?
-79
In base 2, what is -1010 - -11100?
10010
In base 7, what is -2364 + 21?
-2343
In base 14, what is 84 + a?
90
In base 9, what is 1012 + 4?
1016
In base 3, what is -1000 + -200?
-1200
In base 15, what is -2 + 2a?
28
In base 10, what is -3 - 333?
-336
In base 4, what is -3 - 112201?
-112210
In base 3, what is -11 + -210122?
-210210
In base 2, what is -100011 - -100?
-11111
In base 9, what is -1453 + -5?
-1458
In base 13, what is 3 + -123?
-120
In base 7, what is 3 - 5601?
-5565
In base 7, what is -2414 - -5?
-2406
In base 6, what is 1131 - -2?
1133
In base 7, what is -3 + 33625?
33622
In base 12, what is 130 - 0?
130
In base 15, what is 1 + 262?
263
In base 12, what is 3 - -239a?
23a1
In base 7, what is 501 - -3?
504
In base 16, what is 3 - 686?
-683
In base 7, what is 3 + -150?
-144
In base 11, what is -93 - 45?
-128
In base 4, what is -2 + -132?
-200
In base 8, what is -1307 + -6?
-1315
In base 10, what is -3655 - 0?
-3655
In base 2, what is 1 - 11110010?
-11110001
In base 12, what is 69 + 1?
6a
In base 11, what is -2 - -4066?
4064
In base 3, what is 20 - -11100100?
11100120
In base 7, what is 524 + -1?
523
In base 9, what is -4 - -60?
55
In base 8, what is 162 + 237?
421
In base 12, what is 40a - -2?
410
In base 7, what is 4 - 1?
3
In base 3, what is -21002 - 1?
-21010
In base 11, what is 54 - 6?
49
In base 12, what is 3a4 + -17?
389
In base 7, what is 56 - -5?
64
In base 11, what is -3a - 4?
-43
In base 16, what is -aa5 + 3?
-aa2
In base 13, what is -6 + -13c?
-145
In base 15, what is 1425 - 2?
1423
In base 10, what is -112 - -7?
-105
In base 12, what is -4 + 9aa?
9a6
In base 10, what is 1 - -8?
9
In base 16, what is -5 - -b?
6
In base 2, what is -10 + -111000?
-111010
In base 12, what is 3 - -2b5?
2b8
In base 12, what is 60 + 34?
94
In base 9, what is 0 + -30?
-30
In base 13, what is -5 + 59?
54
In base 10, what is -4 - -8?
4
In base 5, what is -41 + 4?
-32
In base 14, what is -2 - 2?
-4
In base 4, what is 1000320 - -1?
1000321
In base 12, what is 17 - 145?
-12a
In base 11, what is -3 + -224?
-227
In base 15, what is 94 + -e?
85
In base 12, what is -5 - -1aa8?
1aa3
In base 3, what is -220 - 11?
-1001
In base 12, what is -2 - a?
-10
In base 16, what is -26 - -3?
-23
In base 5, what is -22 - -4?
-13
In base 14, what is 11 - 38?
-27
In base 2, what is 11 - -11001110?
11010001
In base 4, what is 0 + -3003?
-3003
In base 12, what is -5 + -b2?
-b7
In base 5, what is 1123 - 11?
1112
In base 6, what is 43 + -3?
40
In base 7, what is -1 + 10?
6
In base 16, what is -a4 - 0?
-a4
In base 8, what is 4514 + 4?
4520
In base 4, what is 10 + 221?
231
In base 4, what is 230 + 3?
233
In base 12, what is 5 + 15?
1a
In base 9, what is -7 + 533?
525
In base 5, what is 1034243 - 4?
1034234
In base 6, what is -30 + -4?
-34
In base 7, what is -140 + -166?
-336
In base 13, what is 53 - -19?
6c
In base 4, what is -12300333 - 1?
-12301000
In base 9, what is -15136 - -1?
-15135
In base 9, what is -28 - 10?
-38
In base 13, what is 3 - -2c9?
2cc
In base 14, what is 1b8 + 4?
1bc
In base 10, what is 4 - 43?
-39
In base 16, what is -5 + 2b?
26
In base 2, what is -100 - 10010110?
-10011010
In base 4, what is 1 - 20331?
-20330
In base 6, what is 3 + 2514?
2521
In base 2, what is 101 - -11110010?
11110111
In base 12, what is -5 - 304?
-309
In base 12, what is -170 + 63?
-109
In base 9, what is 87 + 0?
87
In base 5, what is 